ivide 720854928?
True
Is 249777843 a multiple of 567?
False
Does 2 divide 81303582?
True
Is 3963 a factor of 41777946?
True
Is 41386448 a multiple of 964?
True
Is 26 a factor of 537200482?
True
Is 1603096 a multiple of 384?
False
Is 4051 a factor of 531310878?
False
Does 3 divide 8938341?
True
Is 16 a factor of 220881059?
False
Does 3 divide 9842780?
False
Is 705 a factor of 2753730?
True
Does 48 divide 312903463?
False
Is 987 a factor of 279319025?
False
Is 157 a factor of 58395208?
True
Is 23 a factor of 358301380?
False
Is 543403865 a multiple of 302?
False
Does 1314 divide 43258194?
True
Does 92 divide 6034372?
True
Is 19862192 a multiple of 249?
False
Is 159501575 a multiple of 6801?
False
Is 2655305874 a multiple of 9?
True
Is 125899304 a multiple of 22?
False
Is 13 a factor of 181497849?
True
Does 2 divide 257911?
False
Does 19 divide 821756497?
False
Is 16 a factor of 50520064?
True
Is 29 a factor of 312907303?
True
Is 45134621 a multiple of 144?
False
Is 9 a factor of 570968953?
False
Is 1304 a factor of 234816496?
True
Does 6 divide 15320401?
False
Is 100 a factor of 637888500?
True
Does 3168 divide 3786892962?
False
Is 2107 a factor of 216287764?
True
Is 11 a factor of 62026239?
True
Is 730351740 a multiple of 787?
True
Is 44791856 a multiple of 16?
True
Is 420547920 a multiple of 104?
True
Does 20 divide 782480?
True
Does 3 divide 2158504?
False
Is 3038 a factor of 444995299?
False
Is 1207 a factor of 585084973?
False
Does 1030 divide 72241910?
False
Is 287 a factor of 17455053?
True
Is 520 a factor of 18431333?
False
Does 474 divide 20891064?
False
Is 20 a factor of 494024737?
False
Does 45 divide 3524476185?
True
Is 37 a factor of 42424681?
True
Is 2002168477 a multiple of 125?
False
Is 8 a factor of 5594949?
False
Is 26952128 a multiple of 112?
True
Does 74 divide 40404?
True
Is 6209975 a multiple of 321?
False
Is 735459951 a multiple of 99?
False
Is 269 a factor of 527588472?
False
Does 231 divide 84615762?
True
Is 8359117 a multiple of 13?
True
Does 90 divide 635361390?
True
Does 1305 divide 362479410?
True
Is 78 a factor of 35408880?
True
Is 188330112 a multiple of 73?
False
Is 5 a factor of 19514125?
True
Is 369 a factor of 58346280?
True
Is 39 a factor of 1388025?
False
Is 244911792 a multiple of 72?
False
Does 256 divide 11245824?
True
Does 8697 divide 49406816?
False
Does 59 divide 317209429?
True
Is 1267 a factor of 12918502?
False
Is 798 a factor of 21078879?
False
Is 73 a factor of 212103343?
False
Is 189069309 a multiple of 9?
True
Is 579 a factor of 26413401?
True
Is 150192416 a multiple of 187?
True
Is 12623975 a multiple of 65?
True
Is 2241370983 a multiple of 39?
False
Does 1419 divide 16470884?
False
Does 1305 divide 234601155?
True
Is 34793904 a multiple of 62?
True
Is 7170933 a multiple of 92?
False
Is 1378910858 a multiple of 26?
True
Is 1275 a factor of 175111050?
True
Does 181 divide 1644335768?
True
Is 297 a factor of 8286162?
False
Does 912 divide 67344816?
True
Does 180 divide 365111654?
False
Is 11505956 a multiple of 3?
False
Is 139949170 a multiple of 7?
False
Is 2239 a factor of 521961344?
False
Does 29 divide 539161446?
True
Does 49 divide 395728018?
True
Is 21 a factor of 105807786?
True
Is 20086496 a multiple of 137?
False
Does 12 divide 12485102?
False
Does 40 divide 174732680?
True
Does 47 divide 896754964?
False
Is 1568 a factor of 5110475119?
False
Is 14 a factor of 22031240?
True
Is 19 a factor of 711693049?
False
Does 92 divide 113104932?
False
Does 1423 divide 209456731?
False
Does 20 divide 32062740?
True
Does 32 divide 35397696?
True
Is 20615917 a multiple of 19?
False
Does 20 divide 551733580?
True
Is 111 a factor of 209867478?
True
Is 93079087 a multiple of 13?
False
Does 28 divide 52148768?
True
Is 1896 a factor of 108015120?
True
Does 164 divide 766666?
False
Does 170 divide 3522400?
True
Is 17133409 a multiple of 26?
False
Is 34 a factor of 26391174?
True
Is 1579200 a multiple of 75?
True
Is 23421542 a multiple of 565?
False
Is 237653170 a multiple of 19?
False
Is 167166999 a multiple of 333?
True
Does 26 divide 30594976?
False
Is 258 a factor of 59153466?
True
Is 256836691 a multiple of 5992?
False
Does 124 divide 31873580?
True
Does 10 divide 2523776973?
False
Is 38540700 a multiple of 170?
True
Does 21 divide 166732461?
True
Does 81 divide 683231978?
False
Does 100 divide 656586075?
False
Is 1136 a factor of 2620634992?
True
Is 85824200 a multiple of 350?
True
Does 1520 divide 46072720?
True
Does 4 divide 1476591?
False
Is 19990934 a multiple of 16?
False
Is 91895434 a multiple of 94?
True
Is 210 a factor of 4310040?
True
Is 20 a factor of 1303655026?
False
Is 63489360 a multiple of 1320?
True
Does 5 divide 113410222?
False
Is 431640402 a multiple of 1031?
False
Is 5278565587 a multiple of 1943?
True
Does 1367 divide 9704280?
False
Does 890 divide 61817620?
True
Is 74025500 a multiple of 943?
True
Does 399 divide 37692506?
False
Is 4622785 a multiple of 496?
False
Is 38 a factor of 2059600?
True
Does 528 divide 1967390?
False
Is 1833438 a multiple of 163?
False
Is 1087089799 a multiple of 171?
False
Does 35 divide 8971690?
True
Does 325 divide 71771700?
True
Is 2196 a factor of 20012148?
True
Does 37 divide 21659874?
True
Is 566216369 a multiple of 3221?
True
Does 12 divide 3931578072?
True
Does 352 divide 22863808?
True
Is 1650 a factor of 179706450?
True
Is 545465896 a multiple of 758?
True
Does 514 divide 126465294?
False
Does 21 divide 5213770?
False
Is 1940000375 a multiple of 1585?
True
Is 12815875 a multiple of 425?
True
Does 725 divide 50698330?
False
Is 8 a factor of 146628746?
False
Is 10 a factor of 144699380?
True
Is 227564448 a multiple of 19?
False
Is 10377 a factor of 2264074614?
True
Is 42 a factor of 35832048?
True
Is 89 a factor of 50412448?
True
Does 1085 divide 225918636?
False
Is 137943429 a multiple of 1348?
False
Is 28 a factor of 405117716?
False
Is 111663182 a multiple of 66?
False
Does 11 divide 883839768?
False
Is 29485710 a multiple of 30?
True
Is 447 a factor of 265719597?
True
Does 3 divide 179337684?
True
Is 7 a factor of 10922128?
True
Is 2918 a factor of 414164677?
False
Is 430 a factor of 65300001?
False
Is 10051912 a multiple of 26?
True
Is 24 a factor of 37817783?
False
Is 134485033 a multiple of 219?
False
Is 32080674 a multiple of 157?
False
Is 938244523 a multiple of 26?
False
Is 21 a factor of 91406112?
True
Does 11 divide 131587017?
False
Is 4574543204 a multiple of 8561?
False
Does 50 divide 237984750?
True
Does 138 divide 1736819148?
True
Does 454 divide 524201964?
False
Is 24815250 a multiple of 1230?
True
Does 166 divide 295324624?
True
Does 27 divide 105850908?
True
Does 16 divide 197740946?
False
Is 651 a factor of 3366219858?
False
Does 2230 divide 858636970?
True
Is 30524400 a multiple of 278?
True
Does 35 divide 12462065?
True
Is 15 a factor of 2658785730?
True
Is 27262872 a multiple of 273?
True
Does 560 divide 2552776240?
True
Is 8 a factor of 15854263?
False
Does 1252 divide 310691077?
False
Does 14 divide 144579138?
False
Is 11 a factor of 900925617?
False
Does 3045 divide 860437830?
True
Is 7 a factor of 2826592?
False
Does 28 divide 27536274?
False
Is 481528329 a multiple of 8?
False
Is 393828514 a multiple of 1782?
False
Does 7 divide 193467?
False
Does 43 divide 8996804?
True
Is 1638 a factor of 358983451?
False
Does 76 divide 632371068?
False
Is 104130694 a multiple of 886?
True
Is 2301 a factor of 29144466?
True
Is 11953075 a multiple of 25?
True
Is 512 a factor of 889607168?
True
Is 3 a factor of 6257484?
True
Is 2488215587 a multiple of 450?
False
Does 599 divide 151052825?
True
Is 4399 a factor of 261615659?
False
Is 9 a factor of 559103112?
True
Is 77294725 a multiple of 192?
False
Is 48804784 a multiple of 112?
True
Is 1444 a factor of 32896016?
False
Does 12 divide 9315471?
False
Does 136 divide 112890917?
False
Is 13527648 a multiple of 648?
True
Does 3 divide 379524?
True
Does 28 divide 8557108?
True
Is 228 a factor of 37410468?
True
Does 1616 divide 228600976?
True
Is 176605817 a multiple of 87?
False
Is 116970070 a multiple of 36?
False
Is 11 a factor of 343351250?
True
Does 5 divide 253382255?
True
Is 3097 a factor of 103015511?
True
Is 551803138 a multiple of 23?
False
Is 3908 a factor of 143338821?
False
